{"id":1557,"date":"2021-02-01T16:23:52","date_gmt":"2021-02-01T16:23:52","guid":{"rendered":"http:\/\/gianellaparedes.com\/?page_id=1557"},"modified":"2021-02-08T14:55:17","modified_gmt":"2021-02-08T14:55:17","slug":"un-amour-entache","status":"publish","type":"page","link":"https:\/\/gianellaparedes.com\/index.php\/un-amour-entache\/","title":{"rendered":"Un amour entache"},"content":{"rendered":"\t\t<div data-elementor-type=\"wp-post\" data-elementor-id=\"1557\" class=\"elementor elementor-1557\" data-elementor-settings=\"[]\">\n\t\t\t\t\t\t<div class=\"elementor-inner\">\n\t\t\t\t\t\t\t<div class=\"elementor-section-wrap\">\n\t\t\t\t\t\t\t<section class=\"elementor-section elementor-top-section elementor-element elementor-element-fe9cc6b elementor-section-boxed elementor-section-height-default elementor-section-height-default\" data-id=\"fe9cc6b\" data-element_type=\"section\">\n\t\t\t\t\t\t<div class=\"elementor-container elementor-column-gap-default\">\n\t\t\t\t\t\t\t<div class=\"elementor-row\">\n\t\t\t\t\t<div class=\"elementor-column elementor-col-100 elementor-top-column elementor-element elementor-element-630775c\" data-id=\"630775c\" data-element_type=\"column\">\n\t\t\t<div class=\"elementor-column-wrap elementor-element-populated\">\n\t\t\t\t\t\t\t<div class=\"elementor-widget-wrap\">\n\t\t\t\t\t\t<section class=\"elementor-section elementor-inner-section elementor-element elementor-element-0d38852 elementor-section-boxed elementor-section-height-default elementor-section-height-default\" data-id=\"0d38852\" data-element_type=\"section\">\n\t\t\t\t\t\t<div class=\"elementor-container elementor-column-gap-extended\">\n\t\t\t\t\t\t\t<div class=\"elementor-row\">\n\t\t\t\t\t<div class=\"elementor-column elementor-col-50 elementor-inner-column elementor-element elementor-element-7fcb542\" data-id=\"7fcb542\" data-element_type=\"column\">\n\t\t\t<div class=\"elementor-column-wrap elementor-element-populated\">\n\t\t\t\t\t\t\t<div class=\"elementor-widget-wrap\">\n\t\t\t\t\t\t<div class=\"elementor-element elementor-element-35d3af3 elementor-hidden-phone elementor-widget elementor-widget-spacer\" data-id=\"35d3af3\" data-element_type=\"widget\" data-widget_type=\"spacer.default\">\n\t\t\t\t<div class=\"elementor-widget-container\">\n\t\t\t\t\t<div class=\"elementor-spacer\">\n\t\t\t<div class=\"elementor-spacer-inner\"><\/div>\n\t\t<\/div>\n\t\t\t\t<\/div>\n\t\t\t\t<\/div>\n\t\t\t\t<div class=\"elementor-element elementor-element-f2c3476 elementor-widget elementor-widget-heading\" data-id=\"f2c3476\" data-element_type=\"widget\" data-widget_type=\"heading.default\">\n\t\t\t\t<div class=\"elementor-widget-container\">\n\t\t\t<h2 class=\"elementor-heading-title elementor-size-default\">UN AMOUR ENTACHE<\/h2>\t\t<\/div>\n\t\t\t\t<\/div>\n\t\t\t\t<div class=\"elementor-element elementor-element-382e0ca elementor-widget elementor-widget-heading\" data-id=\"382e0ca\" data-element_type=\"widget\" data-widget_type=\"heading.default\">\n\t\t\t\t<div class=\"elementor-widget-container\">\n\t\t\t<h2 class=\"elementor-heading-title elementor-size-small\"><a href=\"https:\/\/www.pap-magazine.com\/un-amour\">PUBLISHED IN PAP MAGAZINE<\/a><\/h2>\t\t<\/div>\n\t\t\t\t<\/div>\n\t\t\t\t<div class=\"elementor-element elementor-element-37619b8 elementor-widget elementor-widget-text-editor\" data-id=\"37619b8\" data-element_type=\"widget\" data-widget_type=\"text-editor.default\">\n\t\t\t\t<div class=\"elementor-widget-container\">\n\t\t\t\t\t<div class=\"elementor-text-editor elementor-clearfix\"><p>Photography by me<br \/>Makeup: <a href=\"https:\/\/www.instagram.com\/sarinameraki\/\">Sara Esc\u00e1nez<\/a>, <a href=\"https:\/\/www.instagram.com\/carocopernica\/\">Caro Cop\u00e9rnica<\/a> and <a href=\"https:\/\/www.instagram.com\/mkp.sils\/\">Silvia Rivera<\/a><br \/>Hair: <a href=\"https:\/\/www.instagram.com\/lauralunamontero\/\">Laura Luna<\/a>, <a href=\"https:\/\/www.instagram.com\/_erikamd\/\">Erika Mart\u00ednez<\/a> and <a href=\"https:\/\/www.instagram.com\/guilanonna\/\">Nonna Guila<\/a><br \/>Assistant: <a href=\"https:\/\/www.instagram.com\/helenatravesset\/\">Helena A. Travesset<\/a>, <a href=\"https:\/\/www.instagram.com\/manzanares_foto\/\">Douglas Manzanares<\/a> and <a href=\"https:\/\/www.instagram.com\/heidicavazos_\/\">Heidi Cavazos<\/a><br \/>Production Direction:<br \/><a href=\"https:\/\/www.instagram.com\/salvaelefante\/\">Salvatore Elefante<\/a> &amp; <a href=\"https:\/\/www.instagram.com\/miquelarnal\/\">Miquel Arnal<\/a><br \/>Models: <a href=\"https:\/\/www.instagram.com\/juliapsanchez\/\">Julia Palomequen<\/a> &amp; <a href=\"https:\/\/www.instagram.com\/silviaaa_yh\/\">Silvia<\/a> from <a href=\"https:\/\/www.instagram.com\/towandamodelsagency\/\">Towanda Models<\/a>, <a href=\"https:\/\/www.instagram.com\/gabo2santoss\/\">Gabo Dos Santos<\/a> from <a href=\"https:\/\/www.instagram.com\/twomanagementbarcelona\/\">Two Management<\/a><br \/>Fashion: <a href=\"https:\/\/www.instagram.com\/lequeralt\/\">Queralt Orriols<\/a> and <a href=\"https:\/\/www.instagram.com\/judithcasasus\/\">Judith Casas\u00fas<\/a><\/p><\/div>\n\t\t\t\t<\/div>\n\t\t\t\t<\/div>\n\t\t\t\t\t\t<\/div>\n\t\t\t\t\t<\/div>\n\t\t<\/div>\n\t\t\t\t<div class=\"elementor-column elementor-col-50 elementor-inner-column elementor-element elementor-element-3913f09\" data-id=\"3913f09\" data-element_type=\"column\">\n\t\t\t<div class=\"elementor-column-wrap elementor-element-populated\">\n\t\t\t\t\t\t\t<div class=\"elementor-widget-wrap\">\n\t\t\t\t\t\t<div class=\"elementor-element elementor-element-a7d4229 elementor-widget elementor-widget-image\" data-id=\"a7d4229\" data-element_type=\"widget\" data-widget_type=\"image.default\">\n\t\t\t\t<div class=\"elementor-widget-container\">\n\t\t\t\t\t<div class=\"elementor-image\">\n\t\t\t\t\t\t\t\t\t\t<img width=\"640\" height=\"960\" src=\"https:\/\/gianellaparedes.com\/wp-content\/uploads\/2021\/02\/Sesion_MODA_Miquel9850.jpg-WEB-683x1024.jpg\" class=\"attachment-large size-large\" alt=\"\" loading=\"lazy\" srcset=\"https:\/\/gianellaparedes.com\/wp-content\/uploads\/2021\/02\/Sesion_MODA_Miquel9850.jpg-WEB-683x1024.jpg 683w, https:\/\/gianellaparedes.com\/wp-content\/uploads\/2021\/02\/Sesion_MODA_Miquel9850.jpg-WEB-200x300.jpg 200w, https:\/\/gianellaparedes.com\/wp-content\/uploads\/2021\/02\/Sesion_MODA_Miquel9850.jpg-WEB-768x1152.jpg 768w, https:\/\/gianellaparedes.com\/wp-content\/uploads\/2021\/02\/Sesion_MODA_Miquel9850.jpg-WEB-1024x1536.jpg 1024w, https:\/\/gianellaparedes.com\/wp-content\/uploads\/2021\/02\/Sesion_MODA_Miquel9850.jpg-WEB.jpg 1321w\" sizes=\"(max-width: 640px) 100vw, 640px\" \/>\t\t\t\t\t\t\t\t\t\t\t<\/div>\n\t\t\t\t<\/div>\n\t\t\t\t<\/div>\n\t\t\t\t\t\t<\/div>\n\t\t\t\t\t<\/div>\n\t\t<\/div>\n\t\t\t\t\t\t\t\t<\/div>\n\t\t\t\t\t<\/div>\n\t\t<\/section>\n\t\t\t\t<section class=\"elementor-section elementor-inner-section elementor-element elementor-element-60fa8d2 elementor-section-boxed elementor-section-height-default elementor-section-height-default\" data-id=\"60fa8d2\" data-element_type=\"section\">\n\t\t\t\t\t\t<div class=\"elementor-container elementor-column-gap-extended\">\n\t\t\t\t\t\t\t<div class=\"elementor-row\">\n\t\t\t\t\t<div class=\"elementor-column elementor-col-50 elementor-inner-column elementor-element elementor-element-d6b6e95\" data-id=\"d6b6e95\" data-element_type=\"column\">\n\t\t\t<div class=\"elementor-column-wrap elementor-element-populated\">\n\t\t\t\t\t\t\t<div class=\"elementor-widget-wrap\">\n\t\t\t\t\t\t<div class=\"elementor-element elementor-element-992aa20 elementor-widget elementor-widget-image\" data-id=\"992aa20\" data-element_type=\"widget\" data-widget_type=\"image.default\">\n\t\t\t\t<div class=\"elementor-widget-container\">\n\t\t\t\t\t<div class=\"elementor-image\">\n\t\t\t\t\t\t\t\t\t\t<img width=\"640\" height=\"960\" src=\"https:\/\/gianellaparedes.com\/wp-content\/uploads\/2021\/02\/Sesion_MODA_Miquel9907.jpg-web-683x1024.jpg\" class=\"attachment-large size-large\" alt=\"\" loading=\"lazy\" srcset=\"https:\/\/gianellaparedes.com\/wp-content\/uploads\/2021\/02\/Sesion_MODA_Miquel9907.jpg-web-683x1024.jpg 683w, https:\/\/gianellaparedes.com\/wp-content\/uploads\/2021\/02\/Sesion_MODA_Miquel9907.jpg-web-200x300.jpg 200w, https:\/\/gianellaparedes.com\/wp-content\/uploads\/2021\/02\/Sesion_MODA_Miquel9907.jpg-web-768x1152.jpg 768w, https:\/\/gianellaparedes.com\/wp-content\/uploads\/2021\/02\/Sesion_MODA_Miquel9907.jpg-web-1024x1536.jpg 1024w, https:\/\/gianellaparedes.com\/wp-content\/uploads\/2021\/02\/Sesion_MODA_Miquel9907.jpg-web.jpg 1321w\" sizes=\"(max-width: 640px) 100vw, 640px\" \/>\t\t\t\t\t\t\t\t\t\t\t<\/div>\n\t\t\t\t<\/div>\n\t\t\t\t<\/div>\n\t\t\t\t\t\t<\/div>\n\t\t\t\t\t<\/div>\n\t\t<\/div>\n\t\t\t\t<div class=\"elementor-column elementor-col-50 elementor-inner-column elementor-element elementor-element-0dad517\" data-id=\"0dad517\" data-element_type=\"column\">\n\t\t\t<div class=\"elementor-column-wrap elementor-element-populated\">\n\t\t\t\t\t\t\t<div class=\"elementor-widget-wrap\">\n\t\t\t\t\t\t<div class=\"elementor-element elementor-element-d658681 elementor-widget elementor-widget-image\" data-id=\"d658681\" data-element_type=\"widget\" data-widget_type=\"image.default\">\n\t\t\t\t<div class=\"elementor-widget-container\">\n\t\t\t\t\t<div class=\"elementor-image\">\n\t\t\t\t\t\t\t\t\t\t<img width=\"640\" height=\"960\" src=\"https:\/\/gianellaparedes.com\/wp-content\/uploads\/2021\/02\/Sesion_MODA_Miquel10124.jpg-web-683x1024.jpg\" class=\"attachment-large size-large\" alt=\"\" loading=\"lazy\" srcset=\"https:\/\/gianellaparedes.com\/wp-content\/uploads\/2021\/02\/Sesion_MODA_Miquel10124.jpg-web-683x1024.jpg 683w, https:\/\/gianellaparedes.com\/wp-content\/uploads\/2021\/02\/Sesion_MODA_Miquel10124.jpg-web-200x300.jpg 200w, https:\/\/gianellaparedes.com\/wp-content\/uploads\/2021\/02\/Sesion_MODA_Miquel10124.jpg-web-768x1152.jpg 768w, https:\/\/gianellaparedes.com\/wp-content\/uploads\/2021\/02\/Sesion_MODA_Miquel10124.jpg-web-1024x1536.jpg 1024w, https:\/\/gianellaparedes.com\/wp-content\/uploads\/2021\/02\/Sesion_MODA_Miquel10124.jpg-web.jpg 1321w\" sizes=\"(max-width: 640px) 100vw, 640px\" \/>\t\t\t\t\t\t\t\t\t\t\t<\/div>\n\t\t\t\t<\/div>\n\t\t\t\t<\/div>\n\t\t\t\t\t\t<\/div>\n\t\t\t\t\t<\/div>\n\t\t<\/div>\n\t\t\t\t\t\t\t\t<\/div>\n\t\t\t\t\t<\/div>\n\t\t<\/section>\n\t\t\t\t<section class=\"elementor-section elementor-inner-section elementor-element elementor-element-67e1c73 elementor-section-boxed elementor-section-height-default elementor-section-height-default\" data-id=\"67e1c73\" data-element_type=\"section\">\n\t\t\t\t\t\t<div class=\"elementor-container elementor-column-gap-extended\">\n\t\t\t\t\t\t\t<div class=\"elementor-row\">\n\t\t\t\t\t<div class=\"elementor-column elementor-col-50 elementor-inner-column elementor-element elementor-element-4dec6b7\" data-id=\"4dec6b7\" data-element_type=\"column\">\n\t\t\t<div class=\"elementor-column-wrap elementor-element-populated\">\n\t\t\t\t\t\t\t<div class=\"elementor-widget-wrap\">\n\t\t\t\t\t\t<div class=\"elementor-element elementor-element-4d8cfc1 elementor-widget elementor-widget-image\" data-id=\"4d8cfc1\" data-element_type=\"widget\" data-widget_type=\"image.default\">\n\t\t\t\t<div class=\"elementor-widget-container\">\n\t\t\t\t\t<div class=\"elementor-image\">\n\t\t\t\t\t\t\t\t\t\t<img width=\"640\" height=\"960\" src=\"https:\/\/gianellaparedes.com\/wp-content\/uploads\/2021\/02\/Sesion_MODA_Miquel10115.jpg-WEB-683x1024.jpg\" class=\"attachment-large size-large\" alt=\"\" loading=\"lazy\" srcset=\"https:\/\/gianellaparedes.com\/wp-content\/uploads\/2021\/02\/Sesion_MODA_Miquel10115.jpg-WEB-683x1024.jpg 683w, https:\/\/gianellaparedes.com\/wp-content\/uploads\/2021\/02\/Sesion_MODA_Miquel10115.jpg-WEB-200x300.jpg 200w, https:\/\/gianellaparedes.com\/wp-content\/uploads\/2021\/02\/Sesion_MODA_Miquel10115.jpg-WEB-768x1152.jpg 768w, https:\/\/gianellaparedes.com\/wp-content\/uploads\/2021\/02\/Sesion_MODA_Miquel10115.jpg-WEB-1024x1536.jpg 1024w, https:\/\/gianellaparedes.com\/wp-content\/uploads\/2021\/02\/Sesion_MODA_Miquel10115.jpg-WEB.jpg 1321w\" sizes=\"(max-width: 640px) 100vw, 640px\" \/>\t\t\t\t\t\t\t\t\t\t\t<\/div>\n\t\t\t\t<\/div>\n\t\t\t\t<\/div>\n\t\t\t\t\t\t<\/div>\n\t\t\t\t\t<\/div>\n\t\t<\/div>\n\t\t\t\t<div class=\"elementor-column elementor-col-50 elementor-inner-column elementor-element elementor-element-09c2a04\" data-id=\"09c2a04\" data-element_type=\"column\">\n\t\t\t<div class=\"elementor-column-wrap\">\n\t\t\t\t\t\t\t<div class=\"elementor-widget-wrap\">\n\t\t\t\t\t\t\t\t<\/div>\n\t\t\t\t\t<\/div>\n\t\t<\/div>\n\t\t\t\t\t\t\t\t<\/div>\n\t\t\t\t\t<\/div>\n\t\t<\/section>\n\t\t\t\t\t\t<\/div>\n\t\t\t\t\t<\/div>\n\t\t<\/div>\n\t\t\t\t\t\t\t\t<\/div>\n\t\t\t\t\t<\/div>\n\t\t<\/section>\n\t\t\t\t\t\t<\/div>\n\t\t\t\t\t\t<\/div>\n\t\t\t\t\t<\/div>\n\t\t","protected":false},"excerpt":{"rendered":"<p>UN AMOUR ENTACHE PUBLISHED IN PAP MAGAZINE Photography by meMakeup: Sara Esc\u00e1nez, Caro Cop\u00e9rnica and Silvia RiveraHair: Laura Luna, Erika Mart\u00ednez and Nonna GuilaAssistant: Helena A. Travesset, Douglas Manzanares and Heidi CavazosProduction Direction:Salvatore Elefante &amp; Miquel ArnalModels: Julia Palomequen &amp; Silvia from Towanda Models, Gabo Dos Santos from Two ManagementFashion: Queralt Orriols and Judith Casas\u00fas<\/p>\n","protected":false},"author":1,"featured_media":0,"parent":0,"menu_order":0,"comment_status":"closed","ping_status":"closed","template":"","meta":[],"_links":{"self":[{"href":"https:\/\/gianellaparedes.com\/index.php\/wp-json\/wp\/v2\/pages\/1557"}],"collection":[{"href":"https:\/\/gianellaparedes.com\/index.php\/wp-json\/wp\/v2\/pages"}],"about":[{"href":"https:\/\/gianellaparedes.com\/index.php\/wp-json\/wp\/v2\/types\/page"}],"author":[{"embeddable":true,"href":"https:\/\/gianellaparedes.com\/index.php\/wp-json\/wp\/v2\/users\/1"}],"replies":[{"embeddable":true,"href":"https:\/\/gianellaparedes.com\/index.php\/wp-json\/wp\/v2\/comments?post=1557"}],"version-history":[{"count":35,"href":"https:\/\/gianellaparedes.com\/index.php\/wp-json\/wp\/v2\/pages\/1557\/revisions"}],"predecessor-version":[{"id":2306,"href":"https:\/\/gianellaparedes.com\/index.php\/wp-json\/wp\/v2\/pages\/1557\/revisions\/2306"}],"wp:attachment":[{"href":"https:\/\/gianellaparedes.com\/index.php\/wp-json\/wp\/v2\/media?parent=1557"}],"curies":[{"name":"wp","href":"https:\/\/api.w.org\/{rel}","templated":true}]}}